{"id":1916,"date":"2023-09-27T11:48:00","date_gmt":"2023-09-27T11:48:00","guid":{"rendered":"https:\/\/mechatronic.com\/?page_id=1916"},"modified":"2023-10-05T08:04:44","modified_gmt":"2023-10-05T08:04:44","slug":"datenschutzerklarung","status":"publish","type":"page","link":"https:\/\/mechatronic.com\/?page_id=1916","title":{"rendered":"Datenschutzerkl\u00e4rung"},"content":{"rendered":"\t\t<div data-elementor-type=\"wp-page\" data-elementor-id=\"1916\" class=\"elementor elementor-1916\">\n\t\t\t\t<div class=\"elementor-element elementor-element-8c4e985 e-flex e-con-boxed e-con e-parent\" data-id=\"8c4e985\" data-element_type=\"container\" data-e-type=\"container\">\n\t\t\t\t\t<div class=\"e-con-inner\">\n\t\t\t\t<div class=\"elementor-element elementor-element-a7b0638 elementor-widget elementor-widget-heading\" data-id=\"a7b0638\" data-element_type=\"widget\" data-e-type=\"widget\" data-widget_type=\"heading.default\">\n\t\t\t\t<div class=\"elementor-widget-container\">\n\t\t\t\t\t<h2 class=\"elementor-heading-title elementor-size-default\">Datenschutzerkl\u00e4rung<\/h2>\t\t\t\t<\/div>\n\t\t\t\t<\/div>\n\t\t\t\t<div class=\"elementor-element elementor-element-174e8ec elementor-widget elementor-widget-text-editor\" data-id=\"174e8ec\" data-element_type=\"widget\" data-e-type=\"widget\" data-widget_type=\"text-editor.default\">\n\t\t\t\t<div class=\"elementor-widget-container\">\n\t\t\t\t\t\t\t\t\t<p>1. Datenschutz auf einen Blick<br>Allgemeine Hinweise<br>Die folgenden Hinweise geben einen einfachen \u00dcberblick dar\u00fcber, was mit Ihren<br>personenbezogenen Daten passiert, wenn Sie unsere Website besuchen.<br>Personenbezogene Daten sind alle Daten, mit denen Sie pers\u00f6nlich identifiziert<br>werden k\u00f6nnen. Ausf\u00fchrliche Informationen zum Thema Datenschutz entnehmen<br>Sie unserer unter diesem Text aufgef\u00fchrten Datenschutzerkl\u00e4rung.<br>Datenerfassung auf unserer Website<br>Wer ist verantwortlich f\u00fcr die Datenerfassung auf dieser Website?<br>Die Datenverarbeitung auf dieser Website erfolgt durch den Websitebetreiber.<br>Dessen Kontaktdaten k\u00f6nnen Sie dem Impressum dieser Website entnehmen.<br>Wie erfassen wir Ihre Daten?<br>Ihre Daten werden zum einen dadurch erhoben, dass Sie uns diese mitteilen.<br>Hierbei kann es sich z. B. um Daten handeln, die Sie in ein Kontaktformular<br>eingeben. Andere Daten werden automatisch beim Besuch der Website durch<br>unsere IT-Systeme erfasst. Das sind vor allem technische Daten (z. B.<br>Internetbrowser, Betriebssystem oder Uhrzeit des Seitenaufrufs). Die<br>Erfassung dieser Daten erfolgt automatisch, sobald Sie unsere Website betreten.<br>Wof\u00fcr nutzen wir Ihre Daten?<br>Ein Teil der Daten wird erhoben, um eine fehlerfreie Bereitstellung der Website zu<br>gew\u00e4hrleisten. Andere Daten k\u00f6nnen zur Analyse Ihres Nutzerverhaltens<br>verwendet werden.<br>Welche Rechte haben Sie bez\u00fcglich Ihrer Daten?<br>Sie haben jederzeit das Recht unentgeltlich Auskunft \u00fcber Herkunft, Empf\u00e4nger<br>und Zweck Ihrer gespeicherten personenbezogenen Daten zu erhalten. Sie haben<br>au\u00dferdem ein Recht, die Berichtigung, Sperrung oder L\u00f6schung dieser Daten zu<br>verlangen. Hierzu sowie zu weiteren Fragen zum Thema Datenschutz k\u00f6nnen Sie<br>sich jederzeit unter der im Impressum angegebenen Adresse an uns wenden. Des<br>Weiteren steht Ihnen ein Beschwerderecht bei der zust\u00e4ndigen Aufsichtsbeh\u00f6rde<br>zu. Au\u00dferdem haben Sie das Recht, unter bestimmten Umst\u00e4nden die<br>Einschr\u00e4nkung der Verarbeitung Ihrer personenbezogenen Daten zu verlangen.<br>Details hierzu entnehmen Sie der Datenschutzerkl\u00e4rung unter \u201eRecht auf<br>Einschr\u00e4nkung der Verarbeitung&#8221;.<\/p>\n<p><br><\/p>\n<p>2. Allgemeine Hinweise und Pflichtinformationen<\/p>\n<p>Datenschutz<\/p>\n<p>Die Betreiber dieser Seiten nehmen den Schutz Ihrer pers\u00f6nlichen Daten sehr ernst.<\/p>\n<p>Wir behandeln Ihre personenbezogenen Daten vertraulich und entsprechend der<\/p>\n<p>gesetzlichen Datenschutzvorschriften sowie dieser Datenschutzerkl\u00e4rung.<\/p>\n<p>Wenn Sie diese Website benutzen, werden verschiedene personenbezogene Daten<\/p>\n<p>erhoben.<\/p>\n<p>Personenbezogene Daten sind Daten, mit denen Sie pers\u00f6nlich identifiziert werden<\/p>\n<p>k\u00f6nnen. Die vorliegende Datenschutzerkl\u00e4rung erl\u00e4utert, welche Daten wir erheben<\/p>\n<p>und wof\u00fcr wir sie nutzen. Sie erl\u00e4utert auch, wie und zu welchem Zweck das<\/p>\n<p>geschieht.<\/p>\n<p>Wir weisen darauf hin, dass die Daten\u00fcbertragung im Internet (z. B. bei der<\/p>\n<p>Kommunikation per E-Mail) Sicherheitsl\u00fccken aufweisen kann. Ein l\u00fcckenloser<\/p>\n<p>Schutz der Daten vor dem Zugriff durch Dritte ist nicht m\u00f6glich.<\/p>\n<p>Hinweis zur verantwortlichen Stelle<\/p>\n<p>Die verantwortliche Stelle f\u00fcr die Datenverarbeitung auf dieser Website ist:<\/p>\n<p>Mechatronic Systeme GmbH<\/p>\n<p>Riedweg 54<\/p>\n<p>89081 Ulm<\/p>\n<p>Telefon: 0731966620<\/p>\n<p>E-Mail: info@mechatronic.com<\/p>\n<p>Verantwortliche Stelle ist die nat\u00fcrliche oder juristische Person, die allein oder<\/p>\n<p>gemeinsam mit anderen \u00fcber die Zwecke und Mittel der Verarbeitung von<\/p>\n<p>personenbezogenen Daten (z. B. Namen, E-Mail-Adressen o. \u00c4.)<\/p>\n<p>entscheidet.<\/p>\n<p><br><\/p>\n<p>Widerruf Ihrer Einwilligung zur Datenverarbeitung<\/p>\n<p>Viele Datenverarbeitungsvorg\u00e4nge sind nur mit Ihrer ausdr\u00fccklichen Einwilligung<\/p>\n<p>m\u00f6glich. Sie k\u00f6nnen eine bereits erteilte Einwilligung jederzeit widerrufen. Dazu<\/p>\n<p>reicht eine formlose Mitteilung per E-Mail an uns. Die Rechtm\u00e4\u00dfigkeit der bis zum<\/p>\n<p>Widerruf erfolgten Datenverarbeitung bleibt vom Widerruf unber\u00fchrt.<\/p>\n<p>Widerspruchsrecht gegen die Datenerhebung in besonderen Fallen sowie gegen<\/p>\n<p>Direktwerbung (Art. 21 DSGVO) Wenn die Datenverarbeitung auf Grundlage von<\/p>\n<p>Art. 6 Abs. 1 lit. e oder f DSGVO erfolgt, haben Sie jederzeit das Recht, aus<\/p>\n<p>Gr\u00fcnden, die sich aus Ihrer besonderen Situation ergeben, gegen die<\/p>\n<p>Verarbeitung Ihrer personenbezogenen Daten Widerspruch einzulegen; dies gilt<\/p>\n<p>auch f\u00fcr ein auf diese Bestimmungen gest\u00fctztes Profiling. Die jeweilige<\/p>\n<p>Rechtsgrundlage, auf denen eine Verarbeitung beruht, entnehmen Sie dieser<\/p>\n<p>Datenschutzerkl\u00e4rung. Wenn Sie Widerspruch einlegen, werden wir Ihre<\/p>\n<p>betroffenen personenbezogenen Daten nicht mehr verarbeiten, es sei denn, wir<\/p>\n<p>k\u00f6nnen zwingende schutzw\u00fcrdige Gr\u00fcnde f\u00fcr die Verarbeitung nachweisen, die<\/p>\n<p>Ihre Interessen, Rechte und Freiheiten \u00fcberwiegen oder die Verarbeitung dient<\/p>\n<p>der Geltendmachung, Aus\u00fcbung oder Verteidigung von Rechtsanspr\u00fcchen<\/p>\n<p>(Widerspruch nach Art. 21 Abs. 1 DSGVO).<\/p>\n<p>Werden Ihre personenbezogenen Daten verarbeitet, um Direktwerbung zu<\/p>\n<p>betreiben, so haben Sie das Recht, jederzeit Widerspruch gegen die Verarbeitung<\/p>\n<p>Sie betreffender personenbezogener Daten zum Zwecke derartiger Werbung<\/p>\n<p>einzulegen; dies gilt auch f\u00fcr das Profiling, soweit es mit solcher Direktwerbung<\/p>\n<p>in Verbindung steht. Wenn Sie widersprechen, werden Ihre personenbezogenen<\/p>\n<p>Daten anschlie\u00dfend nicht mehr zum Zwecke der Direktwerbung verwendet<\/p>\n<p>(Widerspruch nach Art. 21 Abs. 2 DSGVO).<\/p>\n<p>Beschwerderecht bei der zust\u00e4ndigen Aufsichtsbeh\u00f6rde<\/p>\n<p>Im Falle von Verst\u00f6\u00dfen gegen die DSGVO steht den Betroffenen ein<\/p>\n<p>Beschwerderecht bei einer Aufsichtsbeh\u00f6rde, insbesondere in dem Mitgliedstaat<\/p>\n<p>ihres gew\u00f6hnlichen Aufenthalts, ihres Arbeitsplatzes oder des Orts des<\/p>\n<p>mutma\u00dflichen Versto\u00dfes zu. Das Beschwerderecht besteht unbeschadet<\/p>\n<p>anderweitiger verwaltungsrechtlicher oder gerichtlicher Rechtsbehelfe.<\/p>\n<p>Recht auf Daten\u00fcbertragbarkeit<\/p>\n<p>Sie haben das Recht, Daten, die wir auf Grundlage Ihrer Einwilligung oder in<\/p>\n<p>Erf\u00fcllung eines Vertrags automatisiert verarbeiten, an sich oder an einen Dritten in<\/p>\n<p>einem g\u00e4ngigen, maschinenlesbaren Format aush\u00e4ndigen zu lassen. Sofern Sie die<\/p>\n<p>direkte \u00dcbertragung der Daten an einen anderen Verantwortlichen verlangen,<\/p>\n<p>erfolgt dies nur, soweit es technisch machbar ist.<\/p>\n<p>SSL- bzw. TLS-Verschl\u00fcsselung<\/p>\n<p>Diese Seite nutzt aus Sicherheitsgr\u00fcnden und zum Schutz der \u00dcbertragung<\/p>\n<p>vertraulicher Inhalte, wie zum Beispiel Bestellungen oder Anfragen, die Sie an uns<\/p>\n<p>als Seitenbetreiber senden, eine SSL-bzw. TLS Verschl\u00fcsselung. Eine verschl\u00fcsselte<\/p>\n<p>Verbindung erkennen Sie daran, dass die Adresszeile des Browsers von http:\/\/&#8221; auf<\/p>\n<p>\u201ehttps:\/ wechselt und an dem Schloss-Symbol in Ihrer Browserzeile. Wenn die<\/p>\n<p>SSL- bzw. TLS-Verschl\u00fcsselung aktiviert ist, k\u00f6nnen die Daten, die Sie an uns<\/p>\n<p>\u00fcbermitteln, nicht von Dritten mitgelesen werden.<\/p>\n<p>Auskunft, Sperrung, L\u00f6schung und Berichtigung<\/p>\n<p>Sie haben im Rahmen der geltenden gesetzlichen Bestimmungen jederzeit das<\/p>\n<p>Recht auf unentgeltliche Auskunft \u00fcber Ihre gespeicherten personenbezogenen<\/p>\n<p>Daten, deren Herkunft und Empf\u00e4nger und den Zweck der Datenverarbeitung und<\/p>\n<p>ggf. ein Recht auf Berichtigung, Sperrung oder L\u00f6schung dieser Daten.<\/p>\n<p>Hierzu sowie zu weiteren Fragen zum Thema personenbezogene Daten k\u00f6nnen Sie<\/p>\n<p>sich jederzeit unter der im Impressum angegebenen Adresse an uns wenden.<\/p>\n<p>Recht auf Einschr\u00e4nkung der Verarbeitung<\/p>\n<p>Sie haben das Recht, die Einschr\u00e4nkung der Verarbeitung Ihrer personenbezogenen<\/p>\n<p>Daten zu verlangen. Hierzu k\u00f6nnen Sie sich jederzeit unter der im Impressum<\/p>\n<p>angegebenen Adresse an uns wenden. Das Recht auf Einschr\u00e4nkung der<\/p>\n<p>Verarbeitung besteht in folgenden F\u00e4llen:<\/p>\n<p>Wenn Sie die Richtigkeit Ihrer bei uns gespeicherten personenbezogenen Daten<\/p>\n<p>bestreiten, ben\u00f6tigen wir in der Regel Zeit, um dies zu \u00fcberpr\u00fcfen. F\u00fcr die Dauer<\/p>\n<p>der Pr\u00fcfung haben Sie das Recht, die Einschr\u00e4nkung der Verarbeitung Ihrer<\/p>\n<p>personenbezogenen Daten zu verlangen. Wenn die Verarbeitung Ihrer<\/p>\n<p>personenbezogenen Daten unrechtm\u00e4\u00dfig geschah\/geschieht, k\u00f6nnen Sie statt der<\/p>\n<p>L\u00f6schung die Einschr\u00e4nkung der Datenverarbeitung verlangen. Wenn wir Ihre<\/p>\n<p>personenbezogenen Daten nicht mehr ben\u00f6tigen, Sie sie jedoch zur Aus\u00fcbung,<\/p>\n<p>Verteidigung oder Geltendmachung von Rechtsanspr\u00fcchen ben\u00f6tigen, haben Sie<\/p>\n<p>das Recht, statt der L\u00f6schung die Einschr\u00e4nkung der Verarbeitung Ihrer<\/p>\n<p>personenbezogenen Daten zu verlangen. Wenn Sie einen Widerspruch nach Art. 21<\/p>\n<p>Abs. 1 DSGVO eingelegt haben, muss eine Abw\u00e4gung zwischen Ihren und unseren<\/p>\n<p>Interessen vorgenommen werden. Solange noch nicht feststeht, wessen Interessen<\/p>\n<p>\u00fcberwiegen, haben Sie das Recht, die Einschr\u00e4nkung der Verarbeitung Ihrer<\/p>\n<p>personenbezogenen Daten zu verlangen. Wenn Sie die Verarbeitung Ihrer<\/p>\n<p>personenbezogenen Daten eingeschr\u00e4nkt haben, d\u00fcrfen diese Daten &#8211; von<\/p>\n<p>ihrer Speicherung abgesehen &#8211; nur mit Ihrer Einwilligung oder zur<\/p>\n<p>Geltendmachung, Aus\u00fcbung oder Verteidigung von Rechtsanspr\u00fcchen oder zum<\/p>\n<p>Schutz der Rechte einer anderen nat\u00fcrlichen oder juristischen Person oder aus<\/p>\n<p>Gr\u00fcnden eines wichtigen \u00f6ffentlichen Interesses der Europ\u00e4ischen Union oder eines<\/p>\n<p>Mitgliedstaats verarbeitet werden.<\/p>\n<p>Widerspruch gegen Werbe-E-Mails<\/p>\n<p>Der Nutzung von im Rahmen der Impressumspflicht ver\u00f6ffentlichten Kontaktdaten<\/p>\n<p>zur \u00dcbersendung von nicht ausdr\u00fccklich angeforderter Werbung und<\/p>\n<p>Informationsmaterialien wird hiermit widersprochen. Die Betreiber der Seiten<\/p>\n<p>behalten sich ausdr\u00fccklich rechtliche Schritte im Falle der unverlangten Zusendung<\/p>\n<p>von Werbeinformationen, etwa durch Spam-E-Mails, vor.<\/p>\n<p>3. Datenerfassung auf unserer Website<\/p>\n<p>Cookies<\/p>\n<p>Die Internetseiten verwenden teilweise so genannte Cookies. Cookies richten auf<\/p>\n<p>Ihrem Rechner keinen Schaden an und enthalten keine Viren. Cookies dienen dazu,<\/p>\n<p>unser Angebot nutzerfreundlicher, effektiver und sicherer zu machen. Cookies sind<\/p>\n<p>kleine Textdateien, die auf Ihrem Rechner abgelegt werden und die Ihr Browser<\/p>\n<p>speichert.<\/p>\n<p>Die meisten der von uns verwendeten Cookies sind so genannte \u201eSession-Cookies&#8221;.<\/p>\n<p>Sie werden nach Ende Ihres Besuchs automatisch geloscht. Andere Cookies bleiben<\/p>\n<p>auf Ihrem Endger\u00e4t gespeichert bis Sie diese l\u00f6schen. Diese Cookies erm\u00f6glichen es<\/p>\n<p>uns, Ihren Browser beim n\u00e4chsten Besuch wiederzuerkennen. Sie k\u00f6nnen Ihren<\/p>\n<p>Browser so einstellen, dass Sie \u00fcber das Setzen von Cookies informiert werden und<\/p>\n<p>Cookies nur im Einzelfall erlauben, die Annahme von Cookies f\u00fcr bestimmte F\u00e4lle<\/p>\n<p>oder generell ausschlie\u00dfen sowie das automatische L\u00f6schen der Cookies beim<\/p>\n<p>Schlie\u00dfen des Browsers aktivieren. Bei der Deaktivierung von Cookies kann die<\/p>\n<p>Funktionalit\u00e4t dieser Website eingeschr\u00e4nkt sein.<\/p>\n<p>Cookies, die zur Durchf\u00fchrung des elektronischen Kommunikationsvorgangs oder<\/p>\n<p>zur Bereitstellung bestimmter, von Ihnen erw\u00fcnschter Funktionen (z. B.<\/p>\n<p>Warenkorbfunktion) erforderlich sind, werden auf Grundlage von Art. 6 Abs. 1 lit. f<\/p>\n<p>DSGVO gespeichert. Der Websitebetreiber hat ein berechtigtes Interesse an der<\/p>\n<p>Speicherung von Cookies zur technisch fehlerfreien und optimierten Bereitstellung<\/p>\n<p>seiner Dienste. Soweit andere Cookies (z. B. Cookies zur Analyse Ihres<\/p>\n<p>Surfverhaltens) gespeichert werden, werden diese in dieser Datenschutzerkl\u00e4rung<\/p>\n<p>gesondert behandelt.<\/p>\n<p>Kontaktformular<\/p>\n<p>Wenn Sie uns per Kontaktformular Anfragen zukommen lassen, werden Ihre<\/p>\n<p>Angaben aus dem Anfrageformular inklusive der von Ihnen dort angegebenen<\/p>\n<p>Kontaktdaten zwecks Bearbeitung der Anfrage und f\u00fcr den Fall von<\/p>\n<p>Anschlussfragen bei uns gespeichert. Diese Daten geben wir nicht ohne Ihre<\/p>\n<p>Einwilligung weiter.<\/p>\n<p>Die Verarbeitung der in das Kontaktformular eingegebenen Daten erfolgt somit<\/p>\n<p>ausschlie\u00dflich auf Grundlage Ihrer Einwilligung (Art. 6 Abs. 1 lit. a DSGVO). Sie<\/p>\n<p>k\u00f6nnen diese Einwilligung jederzeit widerrufen. Dazu reicht eine formlose<\/p>\n<p>Mitteilung per E-Mail an uns. Die Rechtm\u00e4\u00dfigkeit der bis zum Widerruf erfolgten<\/p>\n<p>Datenverarbeitungsvorg\u00e4nge bleibt vom Widerruf unber\u00fchrt. Die von Ihnen im<\/p>\n<p>Kontaktformular eingegebenen Daten verbleiben bei uns, bis Sie uns zur L\u00f6schung<\/p>\n<p>auffordern, Ihre Einwilligung zur Speicherung widerrufen oder der Zweck f\u00fcr die<\/p>\n<p>Datenspeicherung entf\u00e4llt (z. B. nach abgeschlossener Bearbeitung Ihrer Anfrage).<\/p>\n<p>Zwingende gesetzliche Bestimmungen &#8211; insbesondere Aufbewahrungsfristen &#8211;<\/p>\n<p>bleiben unber\u00fchrt.<\/p><p>Anfrage per E-Mail, Telefon oder Telefax<\/p><p>Wenn Sie uns per E-Mail, Telefon oder Telefax kontaktieren, wird Ihre Anfrage<\/p><p>inklusive aller daraus hervorgehenden personenbezogenen Daten (Name, Anfrage)<\/p><p>zum Zwecke der Bearbeitung Ihres Anliegens bei uns gespeichert und verarbeitet.<\/p><p>Diese Daten geben wir nicht ohne Ihre Einwilligung weiter. Die Verarbeitung dieser<\/p><p>Daten erfolgt auf Grundlage von Art. 6 Abs. 1 lit. b DSGVO, sofern Ihre Anfrage mit<\/p><p>der Erf\u00fcllung eines Vertrags zusammenhangt oder zur Durchf\u00fchrung<\/p><p>vorvertraglicher Ma\u00dfnahmen erforderlich ist. In allen \u00fcbrigen F\u00e4llen beruht die<\/p><p>Verarbeitung auf Ihrer Einwilligung (Art. 6 Abs. 1 lit. A DSGVO) und\/oder auf unseren<\/p><p>berechtigten Interessen (Art. 6 Abs. 1 lit. f DSGVO), da wir ein berechtigtes Interesse<\/p><p>an der effektiven Bearbeitung der an uns gerichteten Anfragen haben. Die von<\/p><p>Ihnen an uns per Kontaktanfragen \u00fcbersandten Daten verbleiben bei uns, bis Sie<\/p><p>uns zur L\u00f6schung auffordern, Ihre Einwilligung zur Speicherung widerrufen oder der<\/p><p>Zweck f\u00fcr die Datenspeicherung entf\u00e4llt (z. B. nach abgeschlossener Bearbeitung<\/p><p>Ihres Anliegens). Zwingende gesetzliche Bestimmungen &#8211; insbesondere<\/p><p>gesetzliche Aufbewahrungsfristen &#8211; bleiben unber\u00fchrt.<\/p><p>4. Plugins und Tools<\/p><p>Google Maps (mit Einwilligung)<\/p><p>Diese Seite nutzt \u00fcber eine API den Kartendienst Google Maps. Anbieterin ist die<\/p><p>Google Ireland Limited (Google&#8221;), Gordon House, Barrow Street, Dublin 4, Irland.<\/p><p>Um den Datenschutz auf unserer Website zu gew\u00e4hrleisten, ist Google Maps<\/p><p>deaktiviert, wenn Sie unsere Website das erste Mal betreten. Eine direkte<\/p><p>Verbindung zu den Servern von Google wird erst hergestellt, wenn Sie Google Maps<\/p><p>selbstst\u00e4ndig aktivieren (Einwilligung nach Art. 6 Abs. 1 lit. a DSGVO). Auf diese<\/p><p>Weise wird verhindert, dass Ihre Daten schon beim ersten Betreten der Seite an<\/p><p>Google \u00fcbertragen werden. Nach der Aktivierung wird Google Maps Ihre IP-Adresse<\/p><p>speichern. Diese wird anschlie\u00dfend in der Regel an einen Server von Google in den<\/p><p>USA \u00fcbertragen und dort gespeichert. Der Anbieter dieser Seite hat nach der<\/p><p>Aktivierung von Google Maps keinen Einfluss auf diese Daten\u00fcbertragung. Mehr<\/p><p>Informationen zum Umgang mit Nutzerdaten finden Sie in der<\/p><p>Datenschutzerkl\u00e4rung von Google:<\/p><p>https:\/\/www.google.de\/intl\/de\/policies\/privacy\/.<\/p><p><br><\/p><p>Die erstellten Rechtstexte (Impressum und Datenschutz) wurden uns kostenfrei<\/p><p>von www.e-recht24.de zur Verf\u00fcgung gestellt.<\/p>\t\t\t\t\t\t\t\t<\/div>\n\t\t\t\t<\/div>\n\t\t\t\t\t<\/div>\n\t\t\t\t<\/div>\n\t\t\t\t<\/div>\n\t\t","protected":false},"excerpt":{"rendered":"<p>Datenschutzerkl\u00e4rung 1. Datenschutz auf einen BlickAllgemeine HinweiseDie folgenden Hinweise geben einen einfachen \u00dcberblick dar\u00fcber, was mit Ihrenpersonenbezogenen Daten passiert, wenn Sie unsere Website besuchen.Personenbezogene Daten sind alle Daten, mit denen Sie pers\u00f6nlich identifiziertwerden k\u00f6nnen. Ausf\u00fchrliche Informationen zum Thema Datenschutz entnehmenSie unserer unter diesem Text aufgef\u00fchrten Datenschutzerkl\u00e4rung.Datenerfassung auf unserer WebsiteWer ist verantwortlich f\u00fcr die Datenerfassung auf [&hellip;]<\/p>\n","protected":false},"author":1,"featured_media":0,"parent":0,"menu_order":0,"comment_status":"closed","ping_status":"closed","template":"","meta":{"site-sidebar-layout":"no-sidebar","site-content-layout":"page-builder","ast-site-content-layout":"full-width-container","site-content-style":"default","site-sidebar-style":"default","ast-global-header-display":"","ast-banner-title-visibility":"","ast-main-header-display":"","ast-hfb-above-header-display":"","ast-hfb-below-header-display":"","ast-hfb-mobile-header-display":"","site-post-title":"disabled","ast-breadcrumbs-content":"","ast-featured-img":"disabled","footer-sml-layout":"","ast-disable-related-posts":"","theme-transparent-header-meta":"","adv-header-id-meta":"","stick-header-meta":"","header-above-stick-meta":"","header-main-stick-meta":"","header-below-stick-meta":"","astra-migrate-meta-layouts":"set","ast-page-background-enabled":"default","ast-page-background-meta":{"desktop":{"background-color":"var(--ast-global-color-4)","background-image":"","background-repeat":"repeat","background-position":"center center","background-size":"auto","background-attachment":"scroll","background-type":"","background-media":"","overlay-type":"","overlay-color":"","overlay-opacity":"","overlay-gradient":""},"tablet":{"background-color":"","background-image":"","background-repeat":"repeat","background-position":"center center","background-size":"auto","background-attachment":"scroll","background-type":"","background-media":"","overlay-type":"","overlay-color":"","overlay-opacity":"","overlay-gradient":""},"mobile":{"background-color":"","background-image":"","background-repeat":"repeat","background-position":"center center","background-size":"auto","background-attachment":"scroll","background-type":"","background-media":"","overlay-type":"","overlay-color":"","overlay-opacity":"","overlay-gradient":""}},"ast-content-background-meta":{"desktop":{"background-color":"var(--ast-global-color-5)","background-image":"","background-repeat":"repeat","background-position":"center center","background-size":"auto","background-attachment":"scroll","background-type":"","background-media":"","overlay-type":"","overlay-color":"","overlay-opacity":"","overlay-gradient":""},"tablet":{"background-color":"var(--ast-global-color-5)","background-image":"","background-repeat":"repeat","background-position":"center center","background-size":"auto","background-attachment":"scroll","background-type":"","background-media":"","overlay-type":"","overlay-color":"","overlay-opacity":"","overlay-gradient":""},"mobile":{"background-color":"var(--ast-global-color-5)","background-image":"","background-repeat":"repeat","background-position":"center center","background-size":"auto","background-attachment":"scroll","background-type":"","background-media":"","overlay-type":"","overlay-color":"","overlay-opacity":"","overlay-gradient":""}},"footnotes":""},"class_list":["post-1916","page","type-page","status-publish","hentry"],"_links":{"self":[{"href":"https:\/\/mechatronic.com\/index.php?rest_route=\/wp\/v2\/pages\/1916","targetHints":{"allow":["GET"]}}],"collection":[{"href":"https:\/\/mechatronic.com\/index.php?rest_route=\/wp\/v2\/pages"}],"about":[{"href":"https:\/\/mechatronic.com\/index.php?rest_route=\/wp\/v2\/types\/page"}],"author":[{"embeddable":true,"href":"https:\/\/mechatronic.com\/index.php?rest_route=\/wp\/v2\/users\/1"}],"replies":[{"embeddable":true,"href":"https:\/\/mechatronic.com\/index.php?rest_route=%2Fwp%2Fv2%2Fcomments&post=1916"}],"version-history":[{"count":7,"href":"https:\/\/mechatronic.com\/index.php?rest_route=\/wp\/v2\/pages\/1916\/revisions"}],"predecessor-version":[{"id":2121,"href":"https:\/\/mechatronic.com\/index.php?rest_route=\/wp\/v2\/pages\/1916\/revisions\/2121"}],"wp:attachment":[{"href":"https:\/\/mechatronic.com\/index.php?rest_route=%2Fwp%2Fv2%2Fmedia&parent=1916"}],"curies":[{"name":"wp","href":"https:\/\/api.w.org\/{rel}","templated":true}]}}